/(((-6)/4)/3). What are the prime factors of h/x*(3 + -5)?
29
Let v(h) = 313*h + 7. What are the prime factors of v(12)?
53, 71
Let s = -55 - -96. Suppose -379 = -6*q + s. What are the prime factors of q?
2, 5, 7
Let w(f) = -f**3 + 2*f**2 + 5*f - 3. Let b be w(3). Suppose 4*i - 268 = 2*v, 5*v + 196 = b*i + v. What are the prime factors of i?
2, 17
Let a = -565 + 1468. List the prime factors of a.
3, 7, 43
What are the prime factors of (1 - 6) + (-576)/12*-28?
13, 103
Let x(c) = c**3 - 3*c**2 - 4. Let i = 6 - 4. Let f be x(i). Let t(d) = -3*d - 15. List the prime factors of t(f).
3
Let t be 10/(-1)*4/(-8). Suppose -t*n - 466 = -4*f, -3*n + 176 = 2*f - 46. List the prime factors of f.
2, 3, 19
Let a be 30544/(-44) + (-4)/(-22) + 3. Let n = a + 1000. What are the prime factors of n?
3, 103
Let g = 29 + -19. Let k(p) = 10*p - 1. What are the prime factors of k(g)?
3, 11
Let t(z) = z**2 - 4*z - 22. Let d be t(7). List the prime factors of 188/(-4)*1*d + -2.
3, 5
Suppose -1298 = -3*j + 1054. List the prime factors of j.
2, 7
Suppose -2*j - 2*a = 0, j - 5*a - 3 = -33. List the prime factors of 4/j*105/(-2).
2, 3, 7
Let y be 4 + -2 - (4 + 0). Let o be 0/(-3 - -2) - y. Suppose o*b - 65 = -3*i, -5*i = -3*i - 2*b - 30. What are the prime factors of i?
19
Let r(x) = -4*x - 11. Let k be r(-2). List the prime factors of 32 - 0 - (-3 + 10 + k).
2, 7
Let j(b) = -8*b - 19. Let n(l) = 4*l + 10. Let s = 20 - 31. Let w(m) = s*n(m) - 6*j(m). What are the prime factors of w(2)?
2, 3
Let u(k) = -5*k**2 + 2*k. Let l be u(-2). Let d = l + 49. List the prime factors of d.
5
Suppose -5*o + 18074 + 3099 = p, 0 = 2*o + 4*p - 8462. What are the prime factors of o?
5, 7, 11
Let h(w) = -5*w**3 - 5*w**2 - 5*w - 11. What are the prime factors of h(-4)?
3, 83
Suppose 0 = 5*d + p + 37, -2*p + 3*p - 33 = 5*d. List the prime factors of 18/(-63) + (-345)/d.
7
What are the prime factors of -8 + (11 - 1) + 965/1?
967
Let t(x) = x. Let j be t(4). Suppose j*d - d = 9. Suppose 0 = -d*p + 2*p + 5. List the prime factors of p.
5
Let t(r) = 2*r**2 - 4*r - 20. Suppose 14 = 4*a - 6. List the prime factors of t(a).
2, 5
Suppose -3 = 6*m + 63. Let d = m + 31. What are the prime factors of d?
2, 5
Suppose 5*k + 5*c - 14465 = 0, 4*k - 15748 = 5*c - 4212. List the prime factors of k.
3, 107
List the prime factors of (-34)/(-51) - 28704/(-9).
2, 5, 11, 29
Let k(b) = -b**3 + 3*b**2 + 5*b - 5. Suppose 3*w - 4 = 2*w. Let g be k(w). Let n(t) = 12*t**2 + t + 2. What are the prime factors of n(g)?
13
List the prime factors of ((-414)/12)/((-3866)/(-968) - 4).
2, 11, 23
Suppose 2*a - 108 = 4*g - 10, -2*g - 261 = -5*a. Suppose -2*k + 2*n = -44, -33 = -5*k - 3*n + a. What are the prime factors of k?
19
Let z be (-2)/5 + (-416)/(-40). Let i = z + -9. List the prime factors of 95/2 + i/2.
2, 3
Let n(y) = 20*y. Let g be n(3). Let w = 56 + -23. Let m = g - w. List the prime factors of m.
3
Let h(k) = k - 17. Let u be h(21). Suppose -3*i - u*t = -85, t + 33 = i - 0*t. What are the prime factors of i?
31
Let q = 385 + -158. What are the prime factors of q?
227
What are the prime factors of (3 - -3967)/5 - (-4 + -2)?
2, 5
Suppose -8*t + 13*t + 50 = 0. List the prime factors of 6/t - (-2718)/30.
2, 3, 5
Let y be (2/(-5))/(4/(-380)). Let r = -22 + y. What are the prime factors of r?
2
Suppose -4*j + 20 = -0*j. Let y(z) = 7. Let r(f) = -f. Let m(b) = -2*r(b) + y(b). What are the prime factors of m(j)?
17
Let p(z) = z**3 + 0*z**3 + 1 + 15 - 2*z**3 + 2*z**2. Suppose 0 = -t - 2*y + 6, -2*y - y = -9. List the prime factors of p(t).
2
Suppose 2*f - 15 = -f, 0 = 5*s - f - 30. Let k = 3 - s. Let z = 6 + k. What are the prime factors of z?
2
Let x = 0 - 0. Suppose 3 = q + 4*l, 0*q - 4*q + 42 = l. Suppose n - q + 1 = x. List the prime factors of n.
2, 5
Let o = 5265 - 2145. Suppose -o = -11*j - 2*j. What are the prime factors of j?
2, 3, 5
Let w(l) = -l**2 - 12*l - 9. Let x = -33 - -22. Let q be w(x). Suppose 4*o + q*n = 16, -4 - 12 = 4*n. What are the prime factors of o?
2, 3
Let t = 1118 + -644. What are the prime factors of t?
2, 3, 79
Let z = -788 - -3239. What are the prime factors of z?
3, 19, 43
Suppose n - 1339 = -v, 2670 + 20 = 2*n - 4*v. What are the prime factors of n?
3, 149
Let q(n) = 2*n**2 + 31*n + 32. What are the prime factors of q(-25)?
3, 13
Suppose 23*n - 19*n - 96 = 0. Let g be (4/5)/(2/(-10)). What are the prime factors of (n/15)/(g/(-40))?
2
Let a be 16/1 + (-4 + 1)/1. List the prime factors of a/((-5)/(-60 - 5)).
13
Suppose 9*x = 8*x + 895. List the prime factors of x.
5, 179
Let v be (9*1)/((-6)/(-4)). Let r(o) = -o. Let l(c) = 2*c + 10. Let y(f) = l(f) + 3*r(f). What are the prime factors of y(v)?
2
Suppose 3973 = 8*j + 29. What are the prime factors of j?
17, 29
Let m = 25 + -16. Suppose 3*y = -0*y + m. Suppose z + y*z - 100 = 0. List the prime factors of z.
5
Let v(u) = 70*u - 4. Let x be v(3). Let m = -94 + x. List the prime factors of m.
2, 7
Suppose 9 = -3*v + 21. Let a(w) = 15*w**2 + 15. List the prime factors of a(v).
3, 5, 17
Suppose 4*r + 3669 = 3*w - 5325, -r + w - 2248 = 0. Let s be r/(-20) + 2/(-4). Suppose 5*a - s = -2*d, 4*a = -5*d + 262 - 16. List the prime factors of d.
2, 23
Let d(l) be the first derivative of 2*l**2 - 16*l + 1. Suppose -4*n - 10 = -62. What are the prime factors of d(n)?
2, 3
Suppose -10780 = -17*r + 6900. List the prime factors of r.
2, 5, 13
Suppose -5*z + r + 15 = -2, -5*z + 23 = -4*r. Suppose -z*y + 92 = -y. What are the prime factors of y?
2, 23
Let m(g) = 47*g - 246. List the prime factors of m(32).
2, 17, 37
Let f be ((-6)/(-4))/(7/14). Suppose 50 = -f*w + 8*w. List the prime factors of w.
2, 5
Let x(w) = w**2 - 2*w. Let i be x(4). Let z = 10 - i. Suppose -4 = 2*j + 4*q - 76, 4*j - z*q = 94. List the prime factors of j.
2, 13
Let c = 10240 + -5375. List the prime factors of c.
5, 7, 139
Let j = -14 + 10. Let k be j/(-8) - (-81)/2. Let u = -20 + k. What are the prime factors of u?
3, 7
Let i(c) = 44*c**2 - 15*c + 2. List the prime factors of i(-7).
31, 73
Let z be -3 + 1 + (3 - 5). List the prime factors of ((-102)/(-4))/((-1)/z).
2, 3, 17
Let l(c) = c - 13. Let m be l(9). Let b be ((-10)/m)/(10/8). Suppose -b*t + 84 = t. List the prime factors of t.
2, 7
Let j be (-2)/13 - (-33)/(-39). Let y(t) = -15*t + 2. Let o be y(j). Suppose -o = -2*h + 35. What are the prime factors of h?
2, 13
What are the prime factors of 16/56 + 45888/14?
2, 11, 149
Suppose 3*j = s - 592, 2*s + j + 443 - 1662 = 0. List the prime factors of s.
607
Let f be (-26)/(-5) + (-4)/20. Let v(x) = 3*x**2 - 9*x + 9. What are the prime factors of v(f)?
3, 13
Suppose -5*f = -s - 25, 19 + 1 = 4*f - s. Suppose -f*r + 15 = -10. What are the prime factors of r?
5
Let f(b) be the third derivative of -4*b**2 + b**3 + 0*b - 7/60*b**5 + 1/120*b**6 - 7/24*b**4 + 0. What are the prime factors of f(8)?
2, 7
Suppose 0 = 2*g - 4*g + b + 3441, 3*b + 6877 = 4*g. What are the prime factors of g?
1723
What are the prime factors of (-3 + (41 - 0))*(35 - -7)?
2, 3, 7, 19
Let j(f) = -f**3 + 8*f**2 - 8*f + 7. Let w be j(6). Let a = w + -21. Let n = 24 - a. What are the prime factors of n?
2, 7
Suppose -164 = 3*p - p. Let a = p + 100. List the prime factors of a.
2, 3
Suppose -5*r + 0*r = -10. Suppose 20 = -6*k + r*k. List the prime factors of 10/4*(-54)/k.
3
Suppose z - 275 - 242 = 0. List the prime factors of z.
11, 47
Let d = 42 + 12. Let v = -10 + d. List the prime factors of v.
2, 11
Let j be -1*(-6)/(-3)*1 + 69. Let o = -60 + j. What are the prime factors of o?
7
Let s be (4 + (-7 - -3))/(-1). Let n(d) = -d**3 - d + 33. Let m be n(s). Suppose -o = 2*r - m, 74 + 119 = 5*o - 4*r. What are the prime factors of o?
37
Suppose -5*g = -112 - 18. List the prime factors of -2*2/(-8)*g.
13
Let c(u) = -4*u**2 + 4*u + 1. Let j be c(3). Let s = j - -23. Suppose g - 44 = -s*g - f, 5*g - 180 = 3*f. List the prime factors of g.
3, 13
Suppose 0 = 5*r - 8616 - 1854. List the prime factors of r.
2, 3, 349
Let l(a) = 8*a**2 - 21*a + 33. What are the prime factors of l(3)?
2, 3, 7
Let w be (4/3)/((-2)/(-3)). Suppose 0 = g + w*q - 5 - 15, 3*g - 64 = -4*q. What are the prime factors of g?
2, 3
Let y be 22/8 + 4/16. Suppose 6 = p - y*d, -3*d - d - 10 = -2*p. Suppose -3*u + j = -0*u - 46, p*u - 4*j = 49. List the prime factors of 